32
-2314420 (base 5) to base 6
-521444
Convert -28cbb32 (base 13) to base 4.
-301210003321
What is 65195 (base 10) in base 6?
1221455
Convert 27ce (base 16) to base 9.
14872
What is 1c21a4 (base 14) in base 4?
3311101210
97b381 (base 12) to base 9
4463817
284478 (base 13) to base 10
980637
Convert -210253 (base 8) to base 6.
-1255055
Convert -100101101110110011100101 (base 2) to base 7.
-150033603
-ac46b (base 15) to base 3
-1000211101002
-198496 (base 11) to base 13
-a8520
What is -1629c (base 15) in base 16?
-11730
Convert 4030275 (base 8) to base 9.
1886437
Convert -1310003230 (base 4) to base 8.
-1640354
Convert 37d46 (base 14) to base 15.
2a92b
Convert 8b60aa (base 13) to base 4.
30211020231
-2110118 (base 9) to base 14
-215418
What is 4a12b5 (base 15) in base 6?
204012425
Convert -101100001011010010 (base 2) to base 5.
-21242241
What is -81aa60 (base 11) in base 3?
-2110221110022
What is 7740d (base 15) in base 6?
12042121
What is 138235 (base 11) in base 10?
215902
What is 2230331231 (base 4) in base 12?
2a1ba5
426710 (base 9) to base 13
8b971
Convert -614704 (base 8) to base 12.
-99718
What is 56133 (base 11) in base 9?
133526
Convert 2203268 (base 10) to base 7.
24504344
What is -430576 (base 10) in base 14?
-b2cb6
What is -290a4 (base 14) in base 7?
-602264
What is 566355 (base 9) in base 13?
bb574
-100101001111000000110 (base 2) to base 16
-129e06
Convert 17af50 (base 16) to base 9.
2825205
Convert 210222121 (base 3) to base 6.
202111
2614577 (base 8) to base 2
10110001100101111111
-17340374 (base 9) to base 12
-2aba771
Convert 28288 (base 12) to base 15.
11778
-33351552 (base 7) to base 2
-1011000000101111100011
What is -431311 (base 6) in base 7?
-204661
What is 22470855 (base 9) in base 11?
6183094
-5548786 (base 9) to base 10
-2985171
Convert 457796 (base 10) to base 9.
766872
What is 319038 (base 12) in base 16?
bf1ec
Convert -2322151 (base 6) to base 10.
-119731
What is -521334 (base 10) in base 14?
-d7dc2
Convert 10010010010111 (base 2) to base 16.
2497
Convert -12755037 (base 9) to base 8.
-30010176
-87285e (base 16) to base 15
-b9e77e
Convert 544660 (base 8) to base 9.
307554
Convert -50303 (base 7) to base 16.
-2f7b
755de (base 16) to base 9
812388
a2105c (base 15) to base 11
4388a72
2004012 (base 6) to base 2
10110111111101000
Convert -30240314 (base 5) to base 9.
-410552
Convert 361949 (base 11) to base 13.
171043
-32336104 (base 8) to base 11
-3a03244
What is 414452 (base 7) in base 15?
1618e
10342424 (base 6) to base 13
aa884
Convert -1789709 (base 13) to base 16.
-751db1
-666512 (base 16) to base 7
-111016163
Convert 280a44 (base 11) to base 6.
13235144
What is -1a679 (base 14) in base 16?
-10643
What is 5c77 (base 15) in base 12?
b487
-111660 (base 7) to base 11
-13a3a
-41635 (base 9) to base 16
-6b63
29acac (base 16) to base 12
ab8664
-a26970 (base 12) to base 16
-26c7e4
-32424401 (base 5) to base 12
-116034
-31e161 (base 15) to base 5
-1102020231
Convert 23b3ab4 (base 12) to base 5.
3240001240
What is -1110001101010101101011 (base 2) in base 7?
-43442020
-1a1cb2 (base 13) to base 9
-1217077
What is -e6f8c (base 16) in base 13?
-2717cb
What is -3432065 (base 8) in base 4?
-3203100311
Convert -10c7c8 (base 13) to base 2.
-1100001011010011100
What is -7068552 (base 10) in base 8?
-32755610
-35bb1 (base 15) to base 13
-6001c
707b59 (base 12) to base 2
110101100100110110101
Convert 126623 (base 14) to base 11.
3a2093
Convert -3629d5 (base 14) to base 15.
-268872
What is 25105105 (base 8) in base 5?
2404243141
-366e2 (base 15) to base 8
-523167
Convert -2332466 (base 9) to base 6.
-43012310
What is 583a77 (base 12) in base 16?
159e3b
-8514022 (base 9) to base 4
-101120113232
a473a8 (base 11) to base 16
199e18
10dbb19 (base 14) to base 13
1893307
Convert -1020020010120 (base 3) to base 16.
-9fab9
Convert 8423b (base 14) to base 13.
b2112
Convert 3c1d3d (base 14) to base 3.
10220122222001
3da5d (base 15) to base 9
331647
Convert 12222230301 (base 4) to base 7.
20566341
314272 (base 8) to base 10
104634
-1050200 (base 7) to base 11
-89537
Convert -14443232 (base 5) to base 7.
-1220002
What is -312210013 (base 4) in base 7?
-1620406
Convert 211041310 (base 5) to base 3.
1122120222121
50365055 (base 7) to base 6
225403425
-211002220 (base 3) to base 8
-37364
225698 (base 12) to base 7
4443605
10492a (base 11) to base 15
34966
1325402 (base 8) to base 3
200212112201
-e0a5 (base 16) to base 13
-2023a
What is 141a62 (base 13) in base 10?
489504
What is -7563773 (base 8) in base 5?
-1004303332
What is -15592 (base 14) in base 16?
-cffc
7bac1a (base 14) to base 8
20054510
What is -102b42 (base 14) in base 3?
-1000201022200
200300000 (base 5) to base 15
1093d5
93a59 (base 15) to base 6
14011020
Convert -10222020002 (base 3) to base 7.
-443615
-1365151 (base 7) to base 5
-21344101
What is 11858 (base 10) in base 16?
2e52
-21012111121 (base 3) to base 10
-141793
4d0d4 (base 14) to base 15
3b24c
217513 (base 10) to base 6
4355001
196656 (base 14) to base 7
10442436
What is 12112112220 (base 3) in base 12?
53113
Convert -111021123 (base 4) to base 16.
-1525b
What is -10011111101010110 (base 2) in base 4?
-103331112
What is -12033023212 (base 4) in base 16?
-18f2e6
What is -2cbce7 (base 15) in base 4?
-20100320110
-3838865 (base 9) to base 12
-84b235
15e85 (base 15) to base 11
491a1
2524b (base 12) to base 7
300053
What is 111202200202 (base 3) in base 4?
1002021311
2321113002 (base 4) to base 9
1376423
2873a12 (base 12) to base 14
1113210
What is -792a6 (base 11) in base 10?
-114824
What is 305201a (base 11) in base 16?
5240eb
-121010200111220 (base 3) to base 8
-40555162
3836028 (base 11) to base 6
354350154
What is -5d4dac (base 15) in base 6?
-235501443
Convert 1d28b (base 16) to base 2.
11101001010001011
Convert 10455743 (base 8) to base 16.
225be3
Convert -130542 (base 9) to base 13.
-2a065
5510885 (base 10) to base 13
11ac4a3
101000011100011111 (base 2) to base 14
44531
Convert 21212020002 (base 3) to base 8.
456130
Convert -c815b (base 15) to base 11.
-3a3a41
2ce2c (base 15) to base 14
3ab70
What is -5888a (base 14) in base 2?
-110100101010101010
-1032302 (base 4) to base 7
-20462
Convert 110101110010100110 (base 2) to base 3.
102012020020
What is 2433133 (base 8) in base 14?
135c95
What is 30b0 (base 16) in base 7?
51224
What is -296a1 (base 15) in base 8?
-404006
What is 3d77b (base 16) in base 7?
2066012
What is 1111110001111101011 (base 2) in base 6?
15025551
-599917 (base 12) to base 16
-1616e3
-2231421 (base 5) to base 9
-60302
Convert 3524355 (base 7) to base 4.
1230033033
2004680 (base 9) to base 6
34504500
Convert -11208 (base 9) to base 11.
-5672
What is -4c2ab (base 13) in base 14?
-395b9
What is 22263 (base 11) in base 15?
9855
What is -641878 (base 9) in base 5?
-44210421
295126 (base 10) to base 6
10154154
Convert 100002020122 (base 3) to base 7.
1343144
What is -17a947 (base 14) in base 10?
-836003
324221212 (base 5) to base 15
1c94a7
Convert -111331012320 (base 4) to base 5.
-2433132240
-102200 (base 5) to base 13
-1736
-102472 (base 10) to base 9
-165507
12223404 (base 5) to base 7
666066
-12809473 (base 10) to base 11
-7259a46
Convert -1022033403 (base 5) to base 8.
-10131402
What is 424404404 (base 5) in base 11?
1016141
What is -5b4b94 (base 12) in base 10?
-1480864
68940 (base 11) to base 8
302453
What is -110120112220 (base 3) in base 14?
-662cd
Convert -445541154 (base 6) to base 5.
-4034201323
What is -cbc8 (base 16) in base 14?
-15024
Convert 11011011111101001 (base 2) to base 5.
12100432
What is -210201033 (base 4) in base 11?
-a2425
Convert -139b045 (base 13) to base 14.
-b7d69b
378410 (base 9) to base 16
37f77
What is -3364889 (base 12) in base 11?
-5609788
Convert 32874 (base 10) to base 9.
50076
Convert 15353763 (base 8) to base 12.
1222097
de28c (base 16) to base 4
3132022030
Convert -9008 (base 13) to base 16.
-4d45
-16bdad (base 14) to base 12
-3277b1
What is -252856 (base 12) in base 10?
-606018
What is 100001032312 (base 4) in base 12?
14a621a
Convert 2341330 (base 7) to base 14.
79b50
What is 153545 (base 7) in base 6?
351235
Convert -1320826 (base 11) to base 5.
-1041104432
Convert 1010115441 (base 6) to base 3.
201111202011021
101110110011101000 (base 2) to base 8
566350
Convert -953418